{"id":10,"date":"2025-05-06T16:19:26","date_gmt":"2025-05-06T14:19:26","guid":{"rendered":"http:\/\/www.a-gassist.com\/?page_id=10"},"modified":"2025-05-19T22:27:30","modified_gmt":"2025-05-19T20:27:30","slug":"accueil","status":"publish","type":"page","link":"https:\/\/www.a-gassist.com\/","title":{"rendered":"Accueil"},"content":{"rendered":"\n<div class=\"wp-block-cover alignfull\" style=\"margin-top:0px;margin-bottom:0px;padding-bottom:150px\"><img loading=\"lazy\" decoding=\"async\" width=\"1024\" height=\"684\" class=\"wp-block-cover__image-background wp-image-41 size-large\" alt=\"\" src=\"http:\/\/www.a-gassist.com\/wp-content\/uploads\/2025\/05\/alexa-williams-RaYjMmmaSCA-unsplash-1024x684.jpg\" data-object-fit=\"cover\" srcset=\"https:\/\/www.a-gassist.com\/wp-content\/uploads\/2025\/05\/alexa-williams-RaYjMmmaSCA-unsplash-1024x684.jpg 1024w, https:\/\/www.a-gassist.com\/wp-content\/uploads\/2025\/05\/alexa-williams-RaYjMmmaSCA-unsplash-300x200.jpg 300w, https:\/\/www.a-gassist.com\/wp-content\/uploads\/2025\/05\/alexa-williams-RaYjMmmaSCA-unsplash-768x513.jpg 768w, https:\/\/www.a-gassist.com\/wp-content\/uploads\/2025\/05\/alexa-williams-RaYjMmmaSCA-unsplash-1536x1025.jpg 1536w, https:\/\/www.a-gassist.com\/wp-content\/uploads\/2025\/05\/alexa-williams-RaYjMmmaSCA-unsplash-2048x1367.jpg 2048w\" sizes=\"auto, (max-width: 1024px) 100vw, 1024px\" \/><span aria-hidden=\"true\" class=\"wp-block-cover__background has-black-background-color has-background-dim\"><\/span><div class=\"wp-block-cover__inner-container has-global-padding is-layout-constrained wp-container-core-cover-is-layout-5022c590 wp-block-cover-is-layout-constrained\">\n<div style=\"margin-top:0px;margin-bottom:0px;height:115px\" aria-hidden=\"true\" class=\"wp-block-spacer\"><\/div>\n\n\n\n<h2 class=\"wp-block-heading has-text-align-center has-text-color has-josefin-sans-font-family\" style=\"color:#ffffff;font-size:clamp(33.419px, 2.089rem + ((1vw - 3.2px) * 3.021), 60px);font-style:normal;font-weight:600;text-transform:capitalize\">Votre assistante administrative \u00e0 port\u00e9e de main <\/h2>\n\n\n\n<p class=\"has-text-align-center has-text-color has-josefin-sans-font-family\" style=\"color:#ffffff;margin-top:10px;margin-bottom:30px;padding-top:10px;padding-right:0px;padding-bottom:10px;padding-left:0px;font-size:clamp(15.197px, 0.95rem + ((1vw - 3.2px) * 0.887), 23px);font-style:normal;font-weight:300\">Retrouvez votre libert\u00e9 !<\/p>\n\n\n\n<div class=\"wp-block-buttons is-content-justification-center is-layout-flex wp-container-core-buttons-is-layout-2601ca9b wp-block-buttons-is-layout-flex\" style=\"margin-top:10px;margin-bottom:10px\">\n<div class=\"wp-block-button is-style-fill\"><a class=\"wp-block-button__link has-text-color has-background has-josefin-sans-font-family has-custom-font-size wp-element-button\" style=\"border-radius:0px;color:#ffffff;background-color:#00360d;padding-top:9px;padding-right:25px;padding-bottom:9px;padding-left:25px;font-size:clamp(14px, 0.875rem + ((1vw - 3.2px) * 0.455), 18px);\">Services<\/a><\/div>\n<\/div>\n<\/div><\/div>\n\n\n\n<div class=\"wp-block-group alignfull has-text-color has-link-color wp-elements-f558355037e99d4bb82d978c00b931ac has-global-padding is-layout-constrained wp-container-core-group-is-layout-b7bd8b97 wp-block-group-is-layout-constrained\" style=\"color:#00360d;margin-top:0px;margin-bottom:0px;padding-top:120px;padding-bottom:100px\">\n<h3 class=\"wp-block-heading has-text-align-center has-text-color has-josefin-sans-font-family\" style=\"color:#292f45;font-size:clamp(22.041px, 1.378rem + ((1vw - 3.2px) * 1.586), 36px);font-style:normal;font-weight:600\">Ils me font confiance : <\/h3>\n\n\n\n<div class=\"wp-block-columns alignwide is-layout-flex wp-container-core-columns-is-layout-196d0086 wp-block-columns-is-layout-flex\" style=\"margin-top:0px;margin-bottom:0px;padding-top:10px;padding-right:10px;padding-bottom:10px;padding-left:10px\">\n<div class=\"wp-block-column is-vertically-aligned-center is-layout-flow wp-block-column-is-layout-flow\">\n<figure class=\"wp-block-image aligncenter size-full\"><img loading=\"lazy\" decoding=\"async\" width=\"225\" height=\"225\" src=\"http:\/\/www.a-gassist.com\/wp-content\/uploads\/2025\/05\/image.png\" alt=\"\" class=\"wp-image-72\" srcset=\"https:\/\/www.a-gassist.com\/wp-content\/uploads\/2025\/05\/image.png 225w, https:\/\/www.a-gassist.com\/wp-content\/uploads\/2025\/05\/image-150x150.png 150w\" sizes=\"auto, (max-width: 225px) 100vw, 225px\" \/><\/figure>\n<\/div>\n<\/div>\n<\/div>\n\n\n\n<div class=\"wp-block-group alignwide has-global-padding is-layout-constrained wp-container-core-group-is-layout-fc62357b wp-block-group-is-layout-constrained\" style=\"margin-top:0px;padding-top:0px;padding-right:0;padding-bottom:0px;padding-left:0\">\n<div class=\"wp-block-columns has-background is-layout-flex wp-container-core-columns-is-layout-015336f4 wp-block-columns-is-layout-flex\" style=\"background-color:#a4debe8a;margin-top:0px;margin-bottom:0px;padding-top:70px;padding-right:70px;padding-bottom:70px;padding-left:70px\">\n<div class=\"wp-block-column is-layout-flow wp-block-column-is-layout-flow\">\n<figure class=\"wp-block-image aligncenter size-full is-resized\"><img loading=\"lazy\" decoding=\"async\" width=\"1920\" height=\"2560\" src=\"http:\/\/www.a-gassist.com\/wp-content\/uploads\/2025\/05\/Photo-site-internet-scaled.jpg\" alt=\"\" class=\"wp-image-37\" style=\"object-fit:contain;width:350px;height:457px\" srcset=\"https:\/\/www.a-gassist.com\/wp-content\/uploads\/2025\/05\/Photo-site-internet-scaled.jpg 1920w, https:\/\/www.a-gassist.com\/wp-content\/uploads\/2025\/05\/Photo-site-internet-225x300.jpg 225w, https:\/\/www.a-gassist.com\/wp-content\/uploads\/2025\/05\/Photo-site-internet-768x1024.jpg 768w, https:\/\/www.a-gassist.com\/wp-content\/uploads\/2025\/05\/Photo-site-internet-1152x1536.jpg 1152w, https:\/\/www.a-gassist.com\/wp-content\/uploads\/2025\/05\/Photo-site-internet-1536x2048.jpg 1536w\" sizes=\"auto, (max-width: 1920px) 100vw, 1920px\" \/><\/figure>\n<\/div>\n\n\n\n<div class=\"wp-block-column is-vertically-aligned-center is-layout-flow wp-container-core-column-is-layout-3d072ba8 wp-block-column-is-layout-flow\">\n<h2 class=\"wp-block-heading has-text-color has-josefin-sans-font-family\" style=\"color:#00360d;margin-top:0;margin-bottom:0;padding-top:0;padding-bottom:0;font-size:clamp(22.041px, 1.378rem + ((1vw - 3.2px) * 1.586), 36px);font-style:normal;font-weight:600;line-height:1.3\">A-G ASSIST<\/h2>\n\n\n\n<p class=\"has-text-color has-josefin-sans-font-family\" style=\"color:#000000;padding-top:0px;padding-right:0px;padding-bottom:50px;padding-left:0px;font-size:clamp(14px, 0.875rem + ((1vw - 3.2px) * 0.455), 18px);font-style:normal;font-weight:400\">Ma mission ? Lib\u00e9rez votre temps pour que vous puissiez vous concentrer sur ce qui compte vraiment. <\/p>\n\n\n\n<p class=\"has-text-color has-josefin-sans-font-family\" style=\"color:#000000;padding-top:0px;padding-right:0px;padding-bottom:50px;padding-left:0px;font-size:clamp(14px, 0.875rem + ((1vw - 3.2px) * 0.455), 18px);font-style:normal;font-weight:400\">Ensemble, avan\u00e7ons !<\/p>\n\n\n\n<div class=\"wp-block-buttons is-content-justification-left is-layout-flex wp-container-core-buttons-is-layout-1816d6d7 wp-block-buttons-is-layout-flex\" style=\"margin-top:0;margin-bottom:0\">\n<div class=\"wp-block-button is-style-fill\"><a class=\"wp-block-button__link has-text-color has-background has-josefin-sans-font-family has-custom-font-size wp-element-button\" style=\"border-radius:0px;color:#ffffff;background-color:#00360d;padding-top:9px;padding-right:25px;padding-bottom:9px;padding-left:25px;font-size:clamp(14px, 0.875rem + ((1vw - 3.2px) * 0.455), 18px);\">Services<\/a><\/div>\n<\/div>\n<\/div>\n<\/div>\n<\/div>\n\n\n\n<div class=\"wp-block-group has-global-padding is-layout-constrained wp-container-core-group-is-layout-b889ac37 wp-block-group-is-layout-constrained\" style=\"margin-top:0px;margin-bottom:0px;padding-top:100px;padding-right:0px;padding-bottom:0px;padding-left:0px\">\n<h3 class=\"wp-block-heading has-text-align-center has-text-color has-josefin-sans-font-family\" style=\"color:#252e39;font-size:clamp(22.041px, 1.378rem + ((1vw - 3.2px) * 1.586), 36px);font-style:normal;font-weight:600\">Mes services<\/h3>\n\n\n\n<div style=\"height:30px\" aria-hidden=\"true\" class=\"wp-block-spacer\"><\/div>\n\n\n\n<p class=\"has-text-align-center has-text-color has-josefin-sans-font-family\" style=\"color:#000000;font-size:clamp(14px, 0.875rem + ((1vw - 3.2px) * 0.682), 20px);font-style:normal;font-weight:400\">D\u00e9couvrez mes services sur mesure pour simplifier votre quotidien et booster votre efficacit\u00e9 professionnelle. Retrouvez votre libert\u00e9 !<\/p>\n<\/div>\n\n\n\n<div class=\"wp-block-group alignwide has-global-padding is-layout-constrained wp-container-core-group-is-layout-0bf5bc8c wp-block-group-is-layout-constrained\" style=\"padding-top:50px;padding-bottom:100px\">\n<div class=\"wp-block-columns alignwide has-text-color has-link-color wp-elements-02659bba4051a1383ba72ede4f62fd49 is-layout-flex wp-container-core-columns-is-layout-97567064 wp-block-columns-is-layout-flex\" style=\"color:#00360d;margin-bottom:60px;padding-top:0;padding-bottom:0\">\n<div class=\"wp-block-column is-vertically-aligned-center is-layout-flow wp-container-core-column-is-layout-c94f03dd wp-block-column-is-layout-flow\" style=\"padding-top:0px;padding-right:30px;padding-bottom:0px;padding-left:50px\">\n<figure class=\"wp-block-image size-full\"><img decoding=\"async\" src=\"https:\/\/tyler.com\/wp-content\/uploads\/2023\/11\/Dolphine-Home-3rd-sec-image1.png\" alt=\"\" class=\"wp-image-1536\" style=\"object-fit:cover\"\/><\/figure>\n\n\n\n<h5 class=\"wp-block-heading has-text-color has-josefin-sans-font-family\" style=\"color:#000000;font-size:clamp(15.197px, 0.95rem + ((1vw - 3.2px) * 0.887), 23px);font-style:normal;font-weight:400;text-transform:capitalize\">Services Administratifs<\/h5>\n\n\n\n<p class=\"has-text-color has-josefin-sans-font-family\" style=\"color:#000000;padding-right:40px;font-size:clamp(14px, 0.875rem + ((1vw - 3.2px) * 0.455), 18px);font-style:normal;font-weight:400\">Je g\u00e8re vos t\u00e2ches administratives pour que vous puissiez vous concentrer sur ce qui compte vraiment&nbsp;: votre c\u0153ur de m\u00e9tier !<\/p>\n<\/div>\n\n\n\n<div class=\"wp-block-column is-layout-flow wp-container-core-column-is-layout-ca467d2c wp-block-column-is-layout-flow\" style=\"border-top-style:none;border-top-width:0px;border-right-width:1px;border-bottom-style:none;border-bottom-width:0px;border-left-width:1px;padding-top:30px;padding-right:30px;padding-bottom:30px;padding-left:50px\">\n<figure class=\"wp-block-image size-full\"><img decoding=\"async\" src=\"https:\/\/tyler.com\/wp-content\/uploads\/2023\/11\/Dolphine-Home-3rd-sec-image2.png\" alt=\"\" class=\"wp-image-1537\"\/><\/figure>\n\n\n\n<h5 class=\"wp-block-heading has-text-color has-josefin-sans-font-family\" style=\"color:#000000;font-size:clamp(15.197px, 0.95rem + ((1vw - 3.2px) * 0.887), 23px);font-style:normal;font-weight:400;text-transform:capitalize\">Services commerciaux<\/h5>\n\n\n\n<p class=\"has-text-color has-josefin-sans-font-family\" style=\"color:#000000;padding-right:40px;font-size:clamp(14px, 0.875rem + ((1vw - 3.2px) * 0.455), 18px);font-style:normal;font-weight:400\">Optimisez vos ventes avec mon aide ! Je m&#8217;occupe de la facturation et du suivi de vos fichiers commerciaux pour booster votre performance. <\/p>\n\n\n\n<p class=\"has-text-color has-josefin-sans-font-family\" style=\"color:#000000;padding-right:40px;font-size:clamp(14px, 0.875rem + ((1vw - 3.2px) * 0.455), 18px);font-style:normal;font-weight:400\">Vous \u00eates entre de bonnes mains !<br><br><\/p>\n<\/div>\n\n\n\n<div class=\"wp-block-column is-vertically-aligned-center is-layout-flow wp-container-core-column-is-layout-c94f03dd wp-block-column-is-layout-flow\" style=\"padding-top:0px;padding-right:30px;padding-bottom:0px;padding-left:50px\">\n<figure class=\"wp-block-image size-full\"><img decoding=\"async\" src=\"https:\/\/tyler.com\/wp-content\/uploads\/2023\/11\/Dolphine-Home-3rd-sec-image3.png\" alt=\"\" class=\"wp-image-1538\"\/><\/figure>\n\n\n\n<h5 class=\"wp-block-heading has-text-color has-josefin-sans-font-family\" style=\"color:#000000;font-size:clamp(15.197px, 0.95rem + ((1vw - 3.2px) * 0.887), 23px);font-style:normal;font-weight:400;text-transform:capitalize\">Services Pr\u00e9-comptable<\/h5>\n\n\n\n<p class=\"has-text-color has-josefin-sans-font-family\" style=\"color:#000000;padding-right:40px;font-size:clamp(14px, 0.875rem + ((1vw - 3.2px) * 0.455), 18px);font-style:normal;font-weight:400\">Je vous aide \u00e0 garder vos comptes en ordre.<\/p>\n\n\n\n<p class=\"has-text-color has-josefin-sans-font-family\" style=\"color:#000000;padding-right:40px;font-size:clamp(14px, 0.875rem + ((1vw - 3.2px) * 0.455), 18px);font-style:normal;font-weight:400\"> Gagnez du temps et r\u00e9duisez le stress financier !<br><br><\/p>\n<\/div>\n<\/div>\n\n\n\n<div class=\"wp-block-columns alignwide is-layout-flex wp-container-core-columns-is-layout-766797f8 wp-block-columns-is-layout-flex\" style=\"margin-top:40px;margin-bottom:40px;padding-top:0px;padding-right:0px;padding-bottom:0px;padding-left:0px\">\n<div class=\"wp-block-column is-layout-flow wp-block-column-is-layout-flow\"><\/div>\n\n\n\n<div class=\"wp-block-column is-layout-flow wp-block-column-is-layout-flow\"><\/div>\n<\/div>\n<\/div>\n\n\n\n<div class=\"wp-block-group alignfull has-text-color has-background has-link-color wp-elements-0fd1e7b274f60858afdeeced2c8b7832 has-global-padding is-layout-constrained wp-container-core-group-is-layout-14dc5801 wp-block-group-is-layout-constrained\" style=\"color:#00360d;background-color:#a4debe8a;margin-top:0;margin-bottom:0;padding-top:100px;padding-bottom:100px\">\n<figure class=\"wp-block-image aligncenter size-full is-resized\"><img loading=\"lazy\" decoding=\"async\" width=\"2560\" height=\"1707\" src=\"http:\/\/www.a-gassist.com\/wp-content\/uploads\/2025\/05\/jonas-leupe-wK-elt11pF0-unsplash-scaled.jpg\" alt=\"\" class=\"wp-image-42\" style=\"width:358px;height:auto\" srcset=\"https:\/\/www.a-gassist.com\/wp-content\/uploads\/2025\/05\/jonas-leupe-wK-elt11pF0-unsplash-scaled.jpg 2560w, https:\/\/www.a-gassist.com\/wp-content\/uploads\/2025\/05\/jonas-leupe-wK-elt11pF0-unsplash-300x200.jpg 300w, https:\/\/www.a-gassist.com\/wp-content\/uploads\/2025\/05\/jonas-leupe-wK-elt11pF0-unsplash-1024x683.jpg 1024w, https:\/\/www.a-gassist.com\/wp-content\/uploads\/2025\/05\/jonas-leupe-wK-elt11pF0-unsplash-768x512.jpg 768w, https:\/\/www.a-gassist.com\/wp-content\/uploads\/2025\/05\/jonas-leupe-wK-elt11pF0-unsplash-1536x1024.jpg 1536w, https:\/\/www.a-gassist.com\/wp-content\/uploads\/2025\/05\/jonas-leupe-wK-elt11pF0-unsplash-2048x1365.jpg 2048w\" sizes=\"auto, (max-width: 2560px) 100vw, 2560px\" \/><\/figure>\n\n\n\n<h3 class=\"wp-block-heading has-text-align-center has-text-color has-josefin-sans-font-family\" style=\"color:#252e39;font-size:clamp(22.041px, 1.378rem + ((1vw - 3.2px) * 1.586), 36px);font-style:normal;font-weight:600\">Contactez moi d\u00e8s maintenant !<\/h3>\n\n\n\n<div class=\"wp-block-buttons is-content-justification-center is-layout-flex wp-container-core-buttons-is-layout-a89b3969 wp-block-buttons-is-layout-flex\">\n<div class=\"wp-block-button is-style-fill\"><a class=\"wp-block-button__link has-text-color has-background has-josefin-sans-font-family has-custom-font-size wp-element-button\" style=\"border-radius:0px;color:#ffffff;background-color:#00360d;padding-top:10px;padding-right:25px;padding-bottom:10px;padding-left:25px;font-size:clamp(14px, 0.875rem + ((1vw - 3.2px) * 0.455), 18px);\">Contact<\/a><\/div>\n<\/div>\n<\/div>\n\n\n\n<p><\/p>\n","protected":false},"excerpt":{"rendered":"<p>Ils me font confiance : A-G ASSIST Ma mission ? Lib\u00e9rez votre temps pour que vous puissiez vous concentrer sur ce qui compte vraiment. Ensemble, avan\u00e7ons ! Mes services D\u00e9couvrez mes services sur mesure pour simplifier votre quotidien et booster votre efficacit\u00e9 professionnelle. Retrouvez votre libert\u00e9 ! Services Administratifs Je g\u00e8re vos t\u00e2ches administratives pour [&hellip;]<\/p>\n","protected":false},"author":1,"featured_media":0,"parent":0,"menu_order":0,"comment_status":"closed","ping_status":"closed","template":"","meta":{"footnotes":""},"class_list":["post-10","page","type-page","status-publish","hentry"],"_links":{"self":[{"href":"https:\/\/www.a-gassist.com\/index.php\/wp-json\/wp\/v2\/pages\/10","targetHints":{"allow":["GET"]}}],"collection":[{"href":"https:\/\/www.a-gassist.com\/index.php\/wp-json\/wp\/v2\/pages"}],"about":[{"href":"https:\/\/www.a-gassist.com\/index.php\/wp-json\/wp\/v2\/types\/page"}],"author":[{"embeddable":true,"href":"https:\/\/www.a-gassist.com\/index.php\/wp-json\/wp\/v2\/users\/1"}],"replies":[{"embeddable":true,"href":"https:\/\/www.a-gassist.com\/index.php\/wp-json\/wp\/v2\/comments?post=10"}],"version-history":[{"count":13,"href":"https:\/\/www.a-gassist.com\/index.php\/wp-json\/wp\/v2\/pages\/10\/revisions"}],"predecessor-version":[{"id":75,"href":"https:\/\/www.a-gassist.com\/index.php\/wp-json\/wp\/v2\/pages\/10\/revisions\/75"}],"wp:attachment":[{"href":"https:\/\/www.a-gassist.com\/index.php\/wp-json\/wp\/v2\/media?parent=10"}],"curies":[{"name":"wp","href":"https:\/\/api.w.org\/{rel}","templated":true}]}}